{"id":494,"date":"2024-03-04T15:52:52","date_gmt":"2024-03-04T14:52:52","guid":{"rendered":"https:\/\/cafis.uniroma3.it\/?page_id=494"},"modified":"2024-03-26T12:17:10","modified_gmt":"2024-03-26T11:17:10","slug":"universita-degli-studi-roma-tre-avvio-percorso-formativo-5-cfu-per-docenti-ex-d-m-28-aprile-2022-n-108-a-a-2023-2024","status":"publish","type":"page","link":"https:\/\/tlcentre.uniroma3.it\/?page_id=494","title":{"rendered":"Percorso formativo 5 CFU per docenti ex D.M. 28 aprile 2022, n. 108 \u2013 a.a. 2023\/2024"},"content":{"rendered":"<div id=\"pl-494\"  class=\"panel-layout\" ><div id=\"pg-494-0\"  class=\"panel-grid panel-no-style\" ><div id=\"pgc-494-0-0\"  class=\"panel-grid-cell\" ><div id=\"panel-494-0-0-0\" class=\"so-panel widget widget_text panel-first-child panel-last-child\" data-index=\"0\" >\t\t\t<div class=\"textwidget\"><p>L\u2019Universit\u00e0 degli Studi Roma Tre ha attivato il percorso di formazione da 5 CFU di cui all\u2019art. 18 del D.M. n. 108\/2022 per l\u2019a.a. 2023\/2024 riservato ai docenti che hanno superato con esito positivo la procedura concorsuale straordinaria per l\u2019accesso ai ruoli della scuola secondaria di primo e secondo grado su posto comune, ai sensi dell\u2019art.59, comma 9-bis, del decreto-legge 25 maggio 2021, n. 73.<\/p>\n<p>Il percorso, che prevede complessivamente 40 ore di attivit\u00e0 formative, equivalenti a 5 CFU, avr\u00e0 inizio nel mese di aprile e si concluder\u00e0 con lo svolgimento di una prova finale entro il 15 giugno 2024.<\/p>\n<p>Le attivit\u00e0 formative saranno organizzate in tre aree tematiche:<\/p>\n<ul>\n<li>Formazione sulle dimensioni culturale-disciplinare, metodologico-didattica, e formativo-professionale (3 CFU in M-PED\/03 DIDATTICA E PEDAGOGIA SPECIALE)<\/li>\n<li>Formazione sulle dimensioni organizzativa e istituzionale-sociale (1 CFU in SPS\/07 SOCIOLOGIA GENERALE)<\/li>\n<li>Elaborazione di un bilancio delle competenze e di un conseguente progetto di sviluppo individuale<br \/>\n(1 CFU &#8211; M-PED\/04 PEDAGOGIA SPERIMENTALE)<\/li>\n<\/ul>\n<p>&nbsp;<\/p>\n<p><strong>Le lezioni saranno erogate in modalit\u00e0 a distanza<\/strong>: saranno fruibili sia in <em>live streaming<\/em> (in diretta) sia <em>on demand<\/em> (le registrazioni video delle lezioni saranno sempre disponibili su una piattaforma <em>e-learning <\/em>dedicata), avranno una durata di 2 ore circa ciascuna e si svolgeranno in orario pomeridiano, presumibilmente tra le 16:00 e le 20:00.<\/p>\n<p>Tutti gli incontri si svolgeranno in modalit\u00e0 a distanza mediante l\u2019applicativo <strong>Microsoft Teams<\/strong> (utilizzabile sia via web, accedendo con il proprio dispositivo alla pagina <a href=\"https:\/\/teams.microsoft.com\/\" target=\"_blank\" rel=\"noopener\">https:\/\/teams.microsoft.com\/<\/a>, sia scaricando e istallando l\u2019App ufficiale sul proprio device) e saranno accessibili con la username istituzionale \u201c<strong>nom.cognome@stud.uniroma3.it<\/strong>\u201d.<\/p>\n<p>&nbsp;<\/p>\n<p><strong>La prova finale si svolger\u00e0 esclusivamente in presenza<\/strong> e consister\u00e0 in un colloquio orale finalizzato a verificare le competenze acquisite dai candidati sui contenuti del corso. La valutazione finale afferir\u00e0 alla padronanza dei contenuti, all\u2019utilizzo di appropriate definizioni e riferimenti teorici, alla chiarezza dell\u2019esposizione, al dominio del linguaggio specialistico e si intender\u00e0 superata dai candidati che conseguiranno una valutazione positiva.<\/p>\n<p>A coloro che avranno superato la prova finale sar\u00e0 rilasciato un certificato di frequenza che riporter\u00e0 i crediti formativi universitari (CFU) conseguiti e i relativi settori scientifico disciplinari (SSD).<\/p>\n<p>L\u2019iscrizione al corso ha un <strong>costo<\/strong> complessivo pari a <strong>euro 150,00<\/strong>.<\/p>\n<p>&nbsp;<\/p>\n<div style=\"border-style: solid; padding: 10px;\">\n<p>Il bando di accesso e le modalit\u00e0 di iscrizione sono pubblicati sulla <a href=\"https:\/\/portalestudente.uniroma3.it\/dopo-la-laurea\/formazione-insegnanti\/percorso-formativo-5-cfu-per-docenti-neoassunti-d-m-108-22\/\" target=\"_blank\" rel=\"noopener\">pagina dedicata del Portale dello Studente.<\/a><\/p>\n<p>Le informazioni utili allo svolgimento del percorso sono rese note mediante pubblicazione sul sito del <a href=\"https:\/\/cafis.uniroma3.it\/?page_id=467\" target=\"_blank\" rel=\"noopener\">CAFIS<\/a>.<\/p>\n<p>La Segreteria didattica del corso sar\u00e0 raggiungibile via e-mail all\u2019indirizzo <a href=\"mailto:pef.5cfu@uniroma3.it\">pef.5cfu@uniroma3.it<\/a>.<\/p>\n<p>La piattaforma e-learning dedicata sar\u00e0 raggiungibile all\u2019indirizzo <a href=\"https:\/\/5cfu.uniroma3.it\/\" target=\"_blank\" rel=\"noopener\">https:\/\/5cfu.uniroma3.it\/<\/a>.<\/p>\n<\/div>\n<p>&nbsp;<\/p>\n<\/div>\n\t\t<\/div><\/div><\/div><\/div>","protected":false},"excerpt":{"rendered":"<p>L\u2019Universit\u00e0 degli Studi Roma Tre ha attivato il percorso di formazione da 5 CFU di cui all\u2019art. 18 del D.M. n. 108\/2022 per l\u2019a.a. 2023\/2024 &#8230; <\/p>\n","protected":false},"author":2,"featured_media":0,"parent":0,"menu_order":0,"comment_status":"closed","ping_status":"closed","template":"","meta":{"footnotes":""},"class_list":["post-494","page","type-page","status-publish","hentry"],"_links":{"self":[{"href":"https:\/\/tlcentre.uniroma3.it\/index.php?rest_route=\/wp\/v2\/pages\/494","targetHints":{"allow":["GET"]}}],"collection":[{"href":"https:\/\/tlcentre.uniroma3.it\/index.php?rest_route=\/wp\/v2\/pages"}],"about":[{"href":"https:\/\/tlcentre.uniroma3.it\/index.php?rest_route=\/wp\/v2\/types\/page"}],"author":[{"embeddable":true,"href":"https:\/\/tlcentre.uniroma3.it\/index.php?rest_route=\/wp\/v2\/users\/2"}],"replies":[{"embeddable":true,"href":"https:\/\/tlcentre.uniroma3.it\/index.php?rest_route=%2Fwp%2Fv2%2Fcomments&post=494"}],"version-history":[{"count":7,"href":"https:\/\/tlcentre.uniroma3.it\/index.php?rest_route=\/wp\/v2\/pages\/494\/revisions"}],"predecessor-version":[{"id":537,"href":"https:\/\/tlcentre.uniroma3.it\/index.php?rest_route=\/wp\/v2\/pages\/494\/revisions\/537"}],"wp:attachment":[{"href":"https:\/\/tlcentre.uniroma3.it\/index.php?rest_route=%2Fwp%2Fv2%2Fmedia&parent=494"}],"curies":[{"name":"wp","href":"https:\/\/api.w.org\/{rel}","templated":true}]}}